{"id":36,"date":"2024-04-26T12:44:22","date_gmt":"2024-04-26T12:44:22","guid":{"rendered":"https:\/\/rg-haus-immobilien.de\/?page_id=36"},"modified":"2024-05-10T15:55:50","modified_gmt":"2024-05-10T14:55:50","slug":"elementor-36","status":"publish","type":"page","link":"https:\/\/rg-haus-immobilien.de\/?page_id=36","title":{"rendered":"Vermarktung"},"content":{"rendered":"\t\t<div data-elementor-type=\"wp-page\" data-elementor-id=\"36\" class=\"elementor elementor-36\">\n\t\t\t\t<div class=\"elementor-element elementor-element-50c1cc9 e-con-full elementor-hidden-mobile e-flex e-con e-parent\" data-id=\"50c1cc9\" data-element_type=\"container\" data-e-type=\"container\">\n\t\t\t\t<div class=\"elementor-element elementor-element-d7f406a elementor-widget elementor-widget-image\" data-id=\"d7f406a\" data-element_type=\"widget\" data-e-type=\"widget\" data-widget_type=\"image.default\">\n\t\t\t\t<div class=\"elementor-widget-container\">\n\t\t\t\t\t\t\t\t\t\t\t\t\t\t\t<img fetchpriority=\"high\" decoding=\"async\" width=\"1900\" height=\"339\" src=\"https:\/\/rg-haus-immobilien.de\/wp-content\/uploads\/2024\/05\/Vermarktung-Smal-Bildhintergrund-RG-Immobilien-1.jpg\" class=\"attachment-full size-full wp-image-734\" alt=\"\" srcset=\"https:\/\/rg-haus-immobilien.de\/wp-content\/uploads\/2024\/05\/Vermarktung-Smal-Bildhintergrund-RG-Immobilien-1.jpg 1900w, https:\/\/rg-haus-immobilien.de\/wp-content\/uploads\/2024\/05\/Vermarktung-Smal-Bildhintergrund-RG-Immobilien-1-300x54.jpg 300w, https:\/\/rg-haus-immobilien.de\/wp-content\/uploads\/2024\/05\/Vermarktung-Smal-Bildhintergrund-RG-Immobilien-1-1024x183.jpg 1024w, https:\/\/rg-haus-immobilien.de\/wp-content\/uploads\/2024\/05\/Vermarktung-Smal-Bildhintergrund-RG-Immobilien-1-768x137.jpg 768w, https:\/\/rg-haus-immobilien.de\/wp-content\/uploads\/2024\/05\/Vermarktung-Smal-Bildhintergrund-RG-Immobilien-1-1536x274.jpg 1536w\" sizes=\"(max-width: 1900px) 100vw, 1900px\" \/>\t\t\t\t\t\t\t\t\t\t\t\t\t\t\t<\/div>\n\t\t\t\t<\/div>\n\t\t\t\t<\/div>\n\t\t<div class=\"elementor-element elementor-element-8f18484 e-con-full elementor-hidden-desktop elementor-hidden-tablet e-flex e-con e-parent\" data-id=\"8f18484\" data-element_type=\"container\" data-e-type=\"container\">\n\t\t\t\t<div class=\"elementor-element elementor-element-3a29b50 elementor-widget elementor-widget-image\" data-id=\"3a29b50\" data-element_type=\"widget\" data-e-type=\"widget\" data-widget_type=\"image.default\">\n\t\t\t\t<div class=\"elementor-widget-container\">\n\t\t\t\t\t\t\t\t\t\t\t\t\t\t\t<img decoding=\"async\" width=\"1900\" height=\"339\" src=\"https:\/\/rg-haus-immobilien.de\/wp-content\/uploads\/2024\/05\/Smal-Bildhintergrund-RG-Immobilien.jpg\" class=\"attachment-full size-full wp-image-888\" alt=\"\" srcset=\"https:\/\/rg-haus-immobilien.de\/wp-content\/uploads\/2024\/05\/Smal-Bildhintergrund-RG-Immobilien.jpg 1900w, https:\/\/rg-haus-immobilien.de\/wp-content\/uploads\/2024\/05\/Smal-Bildhintergrund-RG-Immobilien-300x54.jpg 300w, https:\/\/rg-haus-immobilien.de\/wp-content\/uploads\/2024\/05\/Smal-Bildhintergrund-RG-Immobilien-1024x183.jpg 1024w, https:\/\/rg-haus-immobilien.de\/wp-content\/uploads\/2024\/05\/Smal-Bildhintergrund-RG-Immobilien-768x137.jpg 768w, https:\/\/rg-haus-immobilien.de\/wp-content\/uploads\/2024\/05\/Smal-Bildhintergrund-RG-Immobilien-1536x274.jpg 1536w\" sizes=\"(max-width: 1900px) 100vw, 1900px\" \/>\t\t\t\t\t\t\t\t\t\t\t\t\t\t\t<\/div>\n\t\t\t\t<\/div>\n\t\t\t\t<div class=\"elementor-element elementor-element-ca7ada7 elementor-widget-tablet__width-inherit elementor-widget elementor-widget-heading\" data-id=\"ca7ada7\" data-element_type=\"widget\" data-e-type=\"widget\" data-widget_type=\"heading.default\">\n\t\t\t\t<div class=\"elementor-widget-container\">\n\t\t\t\t\t<h5 class=\"elementor-heading-title elementor-size-default\">VERMARKTUNG<\/h5>\t\t\t\t<\/div>\n\t\t\t\t<\/div>\n\t\t\t\t<div class=\"elementor-element elementor-element-f72d616 elementor-widget elementor-widget-spacer\" data-id=\"f72d616\" data-element_type=\"widget\" data-e-type=\"widget\" data-widget_type=\"spacer.default\">\n\t\t\t\t<div class=\"elementor-widget-container\">\n\t\t\t\t\t\t\t<div class=\"elementor-spacer\">\n\t\t\t<div class=\"elementor-spacer-inner\"><\/div>\n\t\t<\/div>\n\t\t\t\t\t\t<\/div>\n\t\t\t\t<\/div>\n\t\t\t\t<\/div>\n\t\t<div class=\"elementor-element elementor-element-35c3f61 e-flex e-con-boxed e-con e-parent\" data-id=\"35c3f61\" data-element_type=\"container\" data-e-type=\"container\">\n\t\t\t\t\t<div class=\"e-con-inner\">\n\t\t\t\t<div class=\"elementor-element elementor-element-94461ee elementor-widget elementor-widget-spacer\" data-id=\"94461ee\" data-element_type=\"widget\" data-e-type=\"widget\" data-widget_type=\"spacer.default\">\n\t\t\t\t<div class=\"elementor-widget-container\">\n\t\t\t\t\t\t\t<div class=\"elementor-spacer\">\n\t\t\t<div class=\"elementor-spacer-inner\"><\/div>\n\t\t<\/div>\n\t\t\t\t\t\t<\/div>\n\t\t\t\t<\/div>\n\t\t\t\t\t<\/div>\n\t\t\t\t<\/div>\n\t\t<div class=\"elementor-element elementor-element-d022b31 e-flex e-con-boxed e-con e-parent\" data-id=\"d022b31\" data-element_type=\"container\" data-e-type=\"container\">\n\t\t\t\t\t<div class=\"e-con-inner\">\n\t\t<div class=\"elementor-element elementor-element-2bdb520 e-con-full e-flex e-con e-child\" data-id=\"2bdb520\" data-element_type=\"container\" data-e-type=\"container\">\n\t\t\t\t<div class=\"elementor-element elementor-element-97cb7b1 elementor-widget__width-inherit elementor-widget elementor-widget-image\" data-id=\"97cb7b1\" data-element_type=\"widget\" data-e-type=\"widget\" data-widget_type=\"image.default\">\n\t\t\t\t<div class=\"elementor-widget-container\">\n\t\t\t\t\t\t\t\t\t\t\t\t\t\t\t<img decoding=\"async\" width=\"800\" height=\"561\" src=\"https:\/\/rg-haus-immobilien.de\/wp-content\/uploads\/2024\/05\/Vermartung-Bild-RG-Immobilien-1024x718.png\" class=\"attachment-large size-large wp-image-641\" alt=\"\" srcset=\"https:\/\/rg-haus-immobilien.de\/wp-content\/uploads\/2024\/05\/Vermartung-Bild-RG-Immobilien-1024x718.png 1024w, https:\/\/rg-haus-immobilien.de\/wp-content\/uploads\/2024\/05\/Vermartung-Bild-RG-Immobilien-300x210.png 300w, https:\/\/rg-haus-immobilien.de\/wp-content\/uploads\/2024\/05\/Vermartung-Bild-RG-Immobilien-768x539.png 768w, https:\/\/rg-haus-immobilien.de\/wp-content\/uploads\/2024\/05\/Vermartung-Bild-RG-Immobilien.png 1091w\" sizes=\"(max-width: 800px) 100vw, 800px\" \/>\t\t\t\t\t\t\t\t\t\t\t\t\t\t\t<\/div>\n\t\t\t\t<\/div>\n\t\t\t\t<\/div>\n\t\t<div class=\"elementor-element elementor-element-02c9abe e-con-full e-flex e-con e-child\" data-id=\"02c9abe\" data-element_type=\"container\" data-e-type=\"container\" data-settings=\"{&quot;background_background&quot;:&quot;classic&quot;}\">\n\t\t\t\t<div class=\"elementor-element elementor-element-9e3253d elementor-widget elementor-widget-text-editor\" data-id=\"9e3253d\" data-element_type=\"widget\" data-e-type=\"widget\" data-widget_type=\"text-editor.default\">\n\t\t\t\t<div class=\"elementor-widget-container\">\n\t\t\t\t\t\t\t\t\t<h4><span style=\"color: #333333;\"><strong>\u00a0 \u00a0ALLES AUS EINER HAND<\/strong><\/span><\/h4><ul><li>Besichtigung der Immobilie<\/li><li>Erstberatung zum m\u00f6glichen\/geplanten Immobilienverkauf oder \u2013Vermietung<\/li><li>Ermittlung des aktuellen Verkaufs-\/ Mietpreises unter Ber\u00fccksichtigung der <br \/>aktuellen Marktsituation<\/li><li>Zusammenstellen der f\u00fcr den Verkauf\/die Vermietung erforderlichen Unterlagen<br \/>(z.B. Energieausweis)<\/li><li>Individuelle, werbewirksame und optimale Pr\u00e4sentation Ihrer Immobilie<\/li><li>Erstellung von aussagekr\u00e4ftigen Fotos, sowie einem professionellen Expos\u00e9<\/li><li>Terminierung der Besichtigungstermine mit dem Mieter und Mietinteressenten<\/li><li>Qualifizierung und Pr\u00fcfung der Interessenten<\/li><li>Vorbereitung, Durchf\u00fchrung und Nachbereitung von Besichtigungsterminen<\/li><li>Bonit\u00e4tspr\u00fcfung des Mieters und Beschaffung der vertragsrelevanten Unterlagen<\/li><li>passende Mieterauswahl f\u00fcr Ihre Immobilie<\/li><li>Vorbereitung des Kauf-\/ Mietvertrages<\/li><li>und viele weitere Dienstleistungen&#8230;<\/li><\/ul>\t\t\t\t\t\t\t\t<\/div>\n\t\t\t\t<\/div>\n\t\t\t\t<\/div>\n\t\t\t\t\t<\/div>\n\t\t\t\t<\/div>\n\t\t\t\t<\/div>\n\t\t","protected":false},"excerpt":{"rendered":"<p>VERMARKTUNG \u00a0 \u00a0ALLES AUS EINER HAND Besichtigung der Immobilie Erstberatung zum m\u00f6glichen\/geplanten Immobilienverkauf oder \u2013Vermietung Ermittlung des aktuellen Verkaufs-\/ Mietpreises unter Ber\u00fccksichtigung der aktuellen Marktsituation Zusammenstellen der f\u00fcr den Verkauf\/die Vermietung erforderlichen Unterlagen(z.B. Energieausweis) Individuelle, werbewirksame und optimale Pr\u00e4sentation Ihrer Immobilie Erstellung von aussagekr\u00e4ftigen Fotos, sowie einem professionellen Expos\u00e9 Terminierung der Besichtigungstermine mit dem Mieter [&hellip;]<\/p>\n","protected":false},"author":1,"featured_media":0,"parent":0,"menu_order":3,"comment_status":"closed","ping_status":"closed","template":"","meta":{"footnotes":""},"class_list":["post-36","page","type-page","status-publish","hentry"],"_links":{"self":[{"href":"https:\/\/rg-haus-immobilien.de\/index.php?rest_route=\/wp\/v2\/pages\/36","targetHints":{"allow":["GET"]}}],"collection":[{"href":"https:\/\/rg-haus-immobilien.de\/index.php?rest_route=\/wp\/v2\/pages"}],"about":[{"href":"https:\/\/rg-haus-immobilien.de\/index.php?rest_route=\/wp\/v2\/types\/page"}],"author":[{"embeddable":true,"href":"https:\/\/rg-haus-immobilien.de\/index.php?rest_route=\/wp\/v2\/users\/1"}],"replies":[{"embeddable":true,"href":"https:\/\/rg-haus-immobilien.de\/index.php?rest_route=%2Fwp%2Fv2%2Fcomments&post=36"}],"version-history":[{"count":113,"href":"https:\/\/rg-haus-immobilien.de\/index.php?rest_route=\/wp\/v2\/pages\/36\/revisions"}],"predecessor-version":[{"id":1746,"href":"https:\/\/rg-haus-immobilien.de\/index.php?rest_route=\/wp\/v2\/pages\/36\/revisions\/1746"}],"wp:attachment":[{"href":"https:\/\/rg-haus-immobilien.de\/index.php?rest_route=%2Fwp%2Fv2%2Fmedia&parent=36"}],"curies":[{"name":"wp","href":"https:\/\/api.w.org\/{rel}","templated":true}]}}